{"id":8782,"date":"2019-09-27T17:21:48","date_gmt":"2019-09-27T15:21:48","guid":{"rendered":"https:\/\/www.azur-compta.com\/?page_id=8782"},"modified":"2019-11-05T23:02:05","modified_gmt":"2019-11-05T22:02:05","slug":"juridique","status":"publish","type":"page","link":"https:\/\/www.azur-compta.com\/index.php\/juridique\/","title":{"rendered":"Juridique"},"content":{"rendered":"<p>[vc_row][vc_column css=\u00a0\u00bb.vc_custom_1571569686517{margin-top: 15px !important;}\u00a0\u00bb][vc_custom_heading text=\u00a0\u00bbJURIDIQUE\u00a0\u00bb font_container=\u00a0\u00bbtag:h2|font_size:30px|text_align:left|color:%23001a57|line_height:40px\u00a0\u00bb use_theme_fonts=\u00a0\u00bbyes\u00a0\u00bb css_animation=\u00a0\u00bbnone\u00a0\u00bb css=\u00a0\u00bb.vc_custom_1572990734354{margin-top: 20px !important;margin-bottom: 15px !important;}\u00a0\u00bb][vc_column_text css=\u00a0\u00bb.vc_custom_1572991127842{margin-top: 0px !important;margin-bottom: 15px !important;}\u00a0\u00bb]Vous avez un projet ? Vous souhaitez le r\u00e9aliser ? nous vous aiderons \u00e0 le concr\u00e9tiser.<\/p>\n<p>Nous pouvons suivre juridiquement l&rsquo;\u00e9volution de votre soci\u00e9t\u00e9 et de votre situation personnel. Gr\u00e2ce \u00e0 une large de gamme de services juridique\u00a0 :[\/vc_column_text]\r<!-- list -->\r<div class=\"rt-list rt1c333033-bbb3-10 element-four   \" id=\"list page\"><p><\/p>\n<ul>\n<li>Cr\u00e9ation d&rsquo;entreprise,<\/li>\n<li>Transmission de votre soci\u00e9t\u00e9,<\/li>\n<li>Assembl\u00e9e g\u00e9n\u00e9rale,<\/li>\n<li>Transformation&#8230;<\/li>\n<\/ul>\n<p><\/p><\/div>\r<!-- list -->\r[\/vc_column][\/vc_row][vc_row][vc_column][vc_empty_space][\/vc_column][\/vc_row][vc_row][vc_column][vc_btn title=\u00a0\u00bbCONTACTEZ-NOUS\u00a0\u00bb style=\u00a0\u00bbcustom\u00a0\u00bb custom_background=\u00a0\u00bb#f94848&Prime; custom_text=\u00a0\u00bb#ffffff\u00a0\u00bb shape=\u00a0\u00bbround\u00a0\u00bb size=\u00a0\u00bblg\u00a0\u00bb align=\u00a0\u00bbcenter\u00a0\u00bb link=\u00a0\u00bburl:https%3A%2F%2Fwww.azur-compta.com%2Findex.php%2Fcontactez-nous%2F|title:Contactez-nous||\u00a0\u00bb css=\u00a0\u00bb.vc_custom_1572987672989{margin-right: px !important;margin-left: px !important;border-top-width: 50px !important;border-bottom-width: 50px !important;padding-right: 50px !important;padding-left: 50px !important;}\u00a0\u00bb][\/vc_column][\/vc_row]<\/p>\n","protected":false},"excerpt":{"rendered":"<p>[vc_row][vc_column css=\u00a0\u00bb.vc_custom_1571569686517{margin-top: 15px !important;}\u00a0\u00bb][vc_custom_heading text=\u00a0\u00bbJURIDIQUE\u00a0\u00bb font_container=\u00a0\u00bbtag:h2|font_size:30px|text_align:left|color:%23001a57|line_height:40px\u00a0\u00bb use_theme_fonts=\u00a0\u00bbyes\u00a0\u00bb css_animation=\u00a0\u00bbnone\u00a0\u00bb css=\u00a0\u00bb.vc_custom_1572990734354{margin-top: 20px !important;margin-bottom: 15px !important;}\u00a0\u00bb][vc_column_text css=\u00a0\u00bb.vc_custom_1572991127842{margin-top: 0px !important;margin-bottom: 15px !important;}\u00a0\u00bb]Vous avez un projet ? Vous souhaitez le r\u00e9aliser ? nous vous aiderons \u00e0 le concr\u00e9tiser. Nous pouvons suivre juridiquement l&rsquo;\u00e9volution de votre soci\u00e9t\u00e9 et de votre situation personnel. Gr\u00e2ce \u00e0 une large de gamme de services juridique\u00a0 [&hellip;]<\/p>\n","protected":false},"author":1,"featured_media":0,"parent":0,"menu_order":0,"comment_status":"closed","ping_status":"closed","template":"","meta":{"_monsterinsights_skip_tracking":false,"_monsterinsights_sitenote_active":false,"_monsterinsights_sitenote_note":"","_monsterinsights_sitenote_category":0,"footnotes":""},"yoast_head":"<!-- This site is optimized with the Yoast SEO plugin v24.5 - https:\/\/yoast.com\/wordpress\/plugins\/seo\/ -->\n<title>Juridique - Azur Compta<\/title>\n<meta name=\"robots\" content=\"index, follow, max-snippet:-1, max-image-preview:large, max-video-preview:-1\" \/>\n<link rel=\"canonical\" href=\"https:\/\/www.azur-compta.com\/index.php\/juridique\/\" \/>\n<meta property=\"og:locale\" content=\"fr_FR\" \/>\n<meta property=\"og:type\" content=\"article\" \/>\n<meta property=\"og:title\" content=\"Juridique - Azur Compta\" \/>\n<meta property=\"og:description\" content=\"[vc_row][vc_column css=\u00a0\u00bb.vc_custom_1571569686517{margin-top: 15px !important;}\u00a0\u00bb][vc_custom_heading text=\u00a0\u00bbJURIDIQUE\u00a0\u00bb font_container=\u00a0\u00bbtag:h2|font_size:30px|text_align:left|color:%23001a57|line_height:40px\u00a0\u00bb use_theme_fonts=\u00a0\u00bbyes\u00a0\u00bb css_animation=\u00a0\u00bbnone\u00a0\u00bb css=\u00a0\u00bb.vc_custom_1572990734354{margin-top: 20px !important;margin-bottom: 15px !important;}\u00a0\u00bb][vc_column_text css=\u00a0\u00bb.vc_custom_1572991127842{margin-top: 0px !important;margin-bottom: 15px !important;}\u00a0\u00bb]Vous avez un projet ? Vous souhaitez le r\u00e9aliser ? nous vous aiderons \u00e0 le concr\u00e9tiser. Nous pouvons suivre juridiquement l&rsquo;\u00e9volution de votre soci\u00e9t\u00e9 et de votre situation personnel. Gr\u00e2ce \u00e0 une large de gamme de services juridique\u00a0 [&hellip;]\" \/>\n<meta property=\"og:url\" content=\"https:\/\/www.azur-compta.com\/index.php\/juridique\/\" \/>\n<meta property=\"og:site_name\" content=\"Azur Compta\" \/>\n<meta property=\"article:modified_time\" content=\"2019-11-05T22:02:05+00:00\" \/>\n<meta name=\"twitter:card\" content=\"summary_large_image\" \/>\n<meta name=\"twitter:label1\" content=\"Dur\u00e9e de lecture estim\u00e9e\" \/>\n\t<meta name=\"twitter:data1\" content=\"1 minute\" \/>\n<script type=\"application\/ld+json\" class=\"yoast-schema-graph\">{\"@context\":\"https:\/\/schema.org\",\"@graph\":[{\"@type\":\"WebPage\",\"@id\":\"https:\/\/www.azur-compta.com\/index.php\/juridique\/\",\"url\":\"https:\/\/www.azur-compta.com\/index.php\/juridique\/\",\"name\":\"Juridique - Azur Compta\",\"isPartOf\":{\"@id\":\"https:\/\/www.azur-compta.com\/#website\"},\"datePublished\":\"2019-09-27T15:21:48+00:00\",\"dateModified\":\"2019-11-05T22:02:05+00:00\",\"breadcrumb\":{\"@id\":\"https:\/\/www.azur-compta.com\/index.php\/juridique\/#breadcrumb\"},\"inLanguage\":\"fr-FR\",\"potentialAction\":[{\"@type\":\"ReadAction\",\"target\":[\"https:\/\/www.azur-compta.com\/index.php\/juridique\/\"]}]},{\"@type\":\"BreadcrumbList\",\"@id\":\"https:\/\/www.azur-compta.com\/index.php\/juridique\/#breadcrumb\",\"itemListElement\":[{\"@type\":\"ListItem\",\"position\":1,\"name\":\"Accueil\",\"item\":\"https:\/\/www.azur-compta.com\/\"},{\"@type\":\"ListItem\",\"position\":2,\"name\":\"Juridique\"}]},{\"@type\":\"WebSite\",\"@id\":\"https:\/\/www.azur-compta.com\/#website\",\"url\":\"https:\/\/www.azur-compta.com\/\",\"name\":\"Azur Compta\",\"description\":\"Cabinet d&#039;Expertise Comptable\",\"publisher\":{\"@id\":\"https:\/\/www.azur-compta.com\/#organization\"},\"potentialAction\":[{\"@type\":\"SearchAction\",\"target\":{\"@type\":\"EntryPoint\",\"urlTemplate\":\"https:\/\/www.azur-compta.com\/?s={search_term_string}\"},\"query-input\":{\"@type\":\"PropertyValueSpecification\",\"valueRequired\":true,\"valueName\":\"search_term_string\"}}],\"inLanguage\":\"fr-FR\"},{\"@type\":\"Organization\",\"@id\":\"https:\/\/www.azur-compta.com\/#organization\",\"name\":\"AZUR COMPTA\",\"url\":\"https:\/\/www.azur-compta.com\/\",\"logo\":{\"@type\":\"ImageObject\",\"inLanguage\":\"fr-FR\",\"@id\":\"https:\/\/www.azur-compta.com\/#\/schema\/logo\/image\/\",\"url\":\"https:\/\/www.azur-compta.com\/wp-content\/uploads\/2019\/07\/AzurCompa_logo_C-B-e1581853186251.jpg\",\"contentUrl\":\"https:\/\/www.azur-compta.com\/wp-content\/uploads\/2019\/07\/AzurCompa_logo_C-B-e1581853186251.jpg\",\"width\":320,\"height\":160,\"caption\":\"AZUR COMPTA\"},\"image\":{\"@id\":\"https:\/\/www.azur-compta.com\/#\/schema\/logo\/image\/\"}}]}<\/script>\n<!-- \/ Yoast SEO plugin. -->","yoast_head_json":{"title":"Juridique - Azur Compta","robots":{"index":"index","follow":"follow","max-snippet":"max-snippet:-1","max-image-preview":"max-image-preview:large","max-video-preview":"max-video-preview:-1"},"canonical":"https:\/\/www.azur-compta.com\/index.php\/juridique\/","og_locale":"fr_FR","og_type":"article","og_title":"Juridique - Azur Compta","og_description":"[vc_row][vc_column css=\u00a0\u00bb.vc_custom_1571569686517{margin-top: 15px !important;}\u00a0\u00bb][vc_custom_heading text=\u00a0\u00bbJURIDIQUE\u00a0\u00bb font_container=\u00a0\u00bbtag:h2|font_size:30px|text_align:left|color:%23001a57|line_height:40px\u00a0\u00bb use_theme_fonts=\u00a0\u00bbyes\u00a0\u00bb css_animation=\u00a0\u00bbnone\u00a0\u00bb css=\u00a0\u00bb.vc_custom_1572990734354{margin-top: 20px !important;margin-bottom: 15px !important;}\u00a0\u00bb][vc_column_text css=\u00a0\u00bb.vc_custom_1572991127842{margin-top: 0px !important;margin-bottom: 15px !important;}\u00a0\u00bb]Vous avez un projet ? Vous souhaitez le r\u00e9aliser ? nous vous aiderons \u00e0 le concr\u00e9tiser. Nous pouvons suivre juridiquement l&rsquo;\u00e9volution de votre soci\u00e9t\u00e9 et de votre situation personnel. Gr\u00e2ce \u00e0 une large de gamme de services juridique\u00a0 [&hellip;]","og_url":"https:\/\/www.azur-compta.com\/index.php\/juridique\/","og_site_name":"Azur Compta","article_modified_time":"2019-11-05T22:02:05+00:00","twitter_card":"summary_large_image","twitter_misc":{"Dur\u00e9e de lecture estim\u00e9e":"1 minute"},"schema":{"@context":"https:\/\/schema.org","@graph":[{"@type":"WebPage","@id":"https:\/\/www.azur-compta.com\/index.php\/juridique\/","url":"https:\/\/www.azur-compta.com\/index.php\/juridique\/","name":"Juridique - Azur Compta","isPartOf":{"@id":"https:\/\/www.azur-compta.com\/#website"},"datePublished":"2019-09-27T15:21:48+00:00","dateModified":"2019-11-05T22:02:05+00:00","breadcrumb":{"@id":"https:\/\/www.azur-compta.com\/index.php\/juridique\/#breadcrumb"},"inLanguage":"fr-FR","potentialAction":[{"@type":"ReadAction","target":["https:\/\/www.azur-compta.com\/index.php\/juridique\/"]}]},{"@type":"BreadcrumbList","@id":"https:\/\/www.azur-compta.com\/index.php\/juridique\/#breadcrumb","itemListElement":[{"@type":"ListItem","position":1,"name":"Accueil","item":"https:\/\/www.azur-compta.com\/"},{"@type":"ListItem","position":2,"name":"Juridique"}]},{"@type":"WebSite","@id":"https:\/\/www.azur-compta.com\/#website","url":"https:\/\/www.azur-compta.com\/","name":"Azur Compta","description":"Cabinet d&#039;Expertise Comptable","publisher":{"@id":"https:\/\/www.azur-compta.com\/#organization"},"potentialAction":[{"@type":"SearchAction","target":{"@type":"EntryPoint","urlTemplate":"https:\/\/www.azur-compta.com\/?s={search_term_string}"},"query-input":{"@type":"PropertyValueSpecification","valueRequired":true,"valueName":"search_term_string"}}],"inLanguage":"fr-FR"},{"@type":"Organization","@id":"https:\/\/www.azur-compta.com\/#organization","name":"AZUR COMPTA","url":"https:\/\/www.azur-compta.com\/","logo":{"@type":"ImageObject","inLanguage":"fr-FR","@id":"https:\/\/www.azur-compta.com\/#\/schema\/logo\/image\/","url":"https:\/\/www.azur-compta.com\/wp-content\/uploads\/2019\/07\/AzurCompa_logo_C-B-e1581853186251.jpg","contentUrl":"https:\/\/www.azur-compta.com\/wp-content\/uploads\/2019\/07\/AzurCompa_logo_C-B-e1581853186251.jpg","width":320,"height":160,"caption":"AZUR COMPTA"},"image":{"@id":"https:\/\/www.azur-compta.com\/#\/schema\/logo\/image\/"}}]}},"_links":{"self":[{"href":"https:\/\/www.azur-compta.com\/index.php\/wp-json\/wp\/v2\/pages\/8782"}],"collection":[{"href":"https:\/\/www.azur-compta.com\/index.php\/wp-json\/wp\/v2\/pages"}],"about":[{"href":"https:\/\/www.azur-compta.com\/index.php\/wp-json\/wp\/v2\/types\/page"}],"author":[{"embeddable":true,"href":"https:\/\/www.azur-compta.com\/index.php\/wp-json\/wp\/v2\/users\/1"}],"replies":[{"embeddable":true,"href":"https:\/\/www.azur-compta.com\/index.php\/wp-json\/wp\/v2\/comments?post=8782"}],"version-history":[{"count":3,"href":"https:\/\/www.azur-compta.com\/index.php\/wp-json\/wp\/v2\/pages\/8782\/revisions"}],"predecessor-version":[{"id":8873,"href":"https:\/\/www.azur-compta.com\/index.php\/wp-json\/wp\/v2\/pages\/8782\/revisions\/8873"}],"wp:attachment":[{"href":"https:\/\/www.azur-compta.com\/index.php\/wp-json\/wp\/v2\/media?parent=8782"}],"curies":[{"name":"wp","href":"https:\/\/api.w.org\/{rel}","templated":true}]}}